3a (base 12) to base 11
174745
What is -ad1f4 (base 16) in base 8?
-2550764
1d50b (base 15) to base 11
65942
1101100101101011110 (base 2) to base 12
195826
Convert -4521730 (base 8) to base 12.
-4aab34
Convert -56b890 (base 12) to base 10.
-1388844
-1277b (base 14) to base 9
-68227
-303438 (base 15) to base 4
-20232320303
-25565 (base 7) to base 12
-3b35
23061052 (base 8) to base 13
1063668
What is -989a9 (base 13) in base 4?
-1003130331
Convert -2634f (base 16) to base 6.
-3204303
What is 32422220 (base 5) in base 3?
112012122201
145522045 (base 6) to base 12
1043325
20154 (base 11) to base 10
29462
Convert -77c8c1 (base 13) to base 9.
-5277635
50650a (base 11) to base 6
25235504
Convert 221200221020201 (base 3) to base 16.
d06a65
Convert 125b578 (base 14) to base 3.
121121112110202
What is 5176001 (base 8) in base 9?
2525416
What is 1046546 (base 7) in base 11?
893aa
What is 530238 (base 10) in base 13?
157467
-321401 (base 6) to base 5
-1320111
What is 160400612 (base 7) in base 14?
1606342
-313757 (base 9) to base 15
-3a3e4
What is 64038 (base 10) in base 6?
1212250
Convert 365603 (base 11) to base 16.
8d34f
169013 (base 10) to base 2
101001010000110101
What is 420104 (base 8) in base 14?
38ac4
-24204035 (base 6) to base 9
-1382485
Convert 379553 (base 11) to base 13.
17c419
Convert 2063154 (base 7) to base 12.
101199
Convert 7b7336 (base 12) to base 6.
110254110
Convert 3033001 (base 4) to base 3.
200011201
Convert 3000955 (base 10) to base 5.
1232012310
Convert -170bb3 (base 13) to base 5.
-121320400
121010001112 (base 3) to base 13
b1488
What is -113012011 (base 4) in base 13?
-34099
Convert -1021111012 (base 3) to base 14.
-923c
What is 2232158 (base 10) in base 16?
220f5e
Convert 155b422 (base 12) to base 15.
5aed8e
123c90 (base 16) to base 2
100100011110010010000
Convert 1030233033 (base 4) to base 3.
120222011110
-3899d (base 15) to base 8
-541470
Convert -12503250 (base 8) to base 14.
-527944
What is -2027201 (base 8) in base 2?
-10000010111010000001
32312321 (base 4) to base 12
2b275
153504302 (base 6) to base 12
1112092
What is 63bb4 (base 12) in base 16?
200f8
b387ac (base 13) to base 14
7b0767
What is -1a7423 (base 11) in base 6?
-10444531
-3265c (base 13) to base 3
-11122001121
Convert -156a23 (base 11) to base 6.
-5115113
What is 211133330 (base 4) in base 12?
74a78
What is -10111001011111000 (base 2) in base 8?
-271370
What is -110102102002 (base 3) in base 10?
-244514
-c95989 (base 13) to base 7
-55110022
Convert -1413000 (base 7) to base 6.
-4011443
252572 (base 15) to base 11
1006262
What is -210122 (base 8) in base 4?
-101001102
-362706 (base 9) to base 7
-1600104
What is 1011101000100101000 (base 2) in base 5?
44144344
What is -13021200 (base 5) in base 4?
-132313121
Convert 12201020101120 (base 3) to base 7.
34542564
-147440 (base 11) to base 5
-24320320
Convert b9b10 (base 13) to base 4.
1101333020
What is 563cc (base 15) in base 3?
111221012010
What is -14679 (base 10) in base 3?
-202010200
11100000100011001 (base 2) to base 10
114969
What is -95851 (base 12) in base 16?
-2ff7d
Convert -330203 (base 4) to base 14.
-15ab
Convert -10101010001100001 (base 2) to base 14.
-23a81
-11d54f (base 16) to base 11
-729092
443432211 (base 6) to base 15
a84654
What is -20002221102 (base 3) in base 4?
-131112302
What is -e99bd8 (base 15) in base 11?
-6305626
Convert -11111221131 (base 4) to base 9.
-2562536
Convert -56d59 (base 14) to base 9.
-351604
Convert -105406543 (base 7) to base 13.
-143b47a
-32112 (base 12) to base 5
-4101242
What is 1012323003 (base 5) in base 12?
83bb3b
-2385711 (base 9) to base 8
-4744543
What is 158315 (base 13) in base 14?
dbd43
What is 253532250 (base 6) in base 2?
10010110110100101100110
915e2 (base 16) to base 10
595426
Convert -4422234 (base 5) to base 16.
-12b19
What is 46ec (base 16) in base 3?
220220110
Convert -3112445 (base 7) to base 11.
-235325
-10110000100110100100 (base 2) to base 13
-1c4335
What is -123640 (base 10) in base 11?
-84990
What is 101305 (base 6) in base 8?
17651
What is -2cda78 (base 16) in base 10?
-2939512
-164734 (base 12) to base 11
-240453
Convert -1110000010001000110011 (base 2) to base 3.
-20220220022210
What is 99392 (base 11) in base 4?
203031110
-ae86e (base 15) to base 2
-10000111100110001100
Convert 1219a (base 11) to base 6.
213101
What is -1202251 (base 8) in base 11?
-2050a6
What is -22120100222 (base 3) in base 8?
-511334
Convert d4dd (base 15) to base 9.
67631
-210222010012022 (base 3) to base 16
-b222ed
What is 423186 (base 14) in base 5?
1033033144
Convert 1001222001 (base 4) to base 15.
54a39
Convert 111100110111101010010 (base 2) to base 6.
110430054
-a8b098 (base 13) to base 4
-33020030032
Convert -621473 (base 12) to base 8.
-5671527
Convert 46a985 (base 14) to base 12.
9833a1
Convert 51790 (base 14) to base 9.
328265
-4a3899 (base 12) to base 4
-10213030311
What is 13882545 (base 9) in base 15?
9159bb
What is 3230 (base 16) in base 7?
52313
2002233 (base 5) to base 9
47265
What is 2010133310 (base 4) in base 16?
847f4
-3041a (base 15) to base 14
-3d984
Convert 2444e (base 15) to base 11.
79a44
What is -115433624 (base 7) in base 6?
-415235425
12300303022 (base 4) to base 10
1772746
Convert -21020002101 (base 3) to base 7.
-1131430
What is 601370 (base 8) in base 7?
1451263
What is 233320515 (base 7) in base 11?
8151490
What is 131324 (base 7) in base 4?
11333012
-4504412 (base 6) to base 7
-1632260
1312303023 (base 4) to base 10
486603
-103023233 (base 4) to base 14
-208c7
-11240163 (base 7) to base 13
-286161
What is -65727477 (base 8) in base 9?
-28533640
What is -222001020 (base 3) in base 5?
-1101422
What is -b1c004 (base 16) in base 13?
-254b321
Convert 140602 (base 12) to base 9.
556262
-1a869a (base 11) to base 12
-1346a8
-6196b (base 13) to base 11
-10a679
Convert 228555 (base 10) to base 14.
5d415
803606 (base 11) to base 14
259389
What is -113022300 (base 5) in base 4?
-1332101100
Convert 11111111011101011000 (base 2) to base 8.
3773530
What is 1232014131 (base 5) in base 11?
176a903
213010411 (base 5) to base 6
31234553
Convert 768027 (base 11) to base 9.
2267528
-3232300001 (base 4) to base 2
-11101110110000000001
Convert -20721180 (base 9) to base 7.
-150640641
2131144231 (base 5) to base 10
4553066
Convert -200002000 (base 3) to base 4.
-3031320
-2079058 (base 11) to base 7
-43042464
What is 401489 (base 12) in base 2?
11110011100101101001
What is -1589100 (base 10) in base 3?
-2222201211120
Convert -12229636 (base 10) to base 16.
-ba9c04
222201302 (base 4) to base 15
3692e
Convert -213606516 (base 7) to base 3.
-220002202222200
Convert 200499 (base 10) to base 7.
1463355
What is -38b49 (base 14) in base 10?
-139421
Convert -145656162 (base 7) to base 3.
-200100222020120
1000000101000011 (base 2) to base 3
1200101121
What is -253109 (base 11) in base 3?
-202021220201
30b752 (base 12) to base 4
2323021232
Convert 104350 (base 8) to base 2.
1000100011101000
-1011151 (base 9) to base 11
-338941
Convert -20221000111 (base 3) to base 10.
-136336
What is -3232314203 (base 5) in base 13?
-15823aa
What is 1d29f (base 16) in base 2?
11101001010011111
Convert 10202412 (base 6) to base 5.
33433242
Convert 661083 (base 10) to base 6.
22100323
-572502 (base 8) to base 2
-101111010101000010
Convert 1101201003 (base 4) to base 3.
121222000100
Convert 16404413 (base 9) to base 3.
120110011110110
Convert -2222002032 (base 4) to base 11.
-436298
Convert 3211542 (base 7) to base 6.
12203340
Convert -219429 (base 12) to base 6.
-15242453
What is 114440411 (base 5) in base 6?
15413232
Convert -75c40 (base 16) to base 3.
-220111200111
-2baccd (base 14) to base 12
-618459
What is -71389a1 (base 11) in base 3?
-212202001022001
What is 41401113 (base 6) in base 2?
100100100011011000101
Convert 4656407 (base 8) to base 7.
13533464
Convert -220013000 (base 4) to base 12.
-7b0a8
-53464 (base 8) to base 13
-a213
What is 4514243 (base 6) in base 5?
24242023
What is -392b79 (base 13) in base 11?
-860854
What is -380c58 (base 13) in base 15?
-1b8563
83783 (base 12) to base 9
282160
Convert 373518 (base 11) to base 15.
b9d57
What is -11001101101001010 (base 2) in base 16?
-19b4a
Convert 1a70a (base 16) to base 8.
323412
Convert 48a58 (base 16) to base 6.
10213332
Wh